{"id":6,"date":"2016-04-08T10:15:16","date_gmt":"2016-04-08T08:15:16","guid":{"rendered":"https:\/\/c40.cz\/?page_id=6"},"modified":"2022-11-01T15:54:15","modified_gmt":"2022-11-01T14:54:15","slug":"uvodni-stranka","status":"publish","type":"page","link":"https:\/\/www.c40.cz\/","title":{"rendered":"\u00davodn\u00ed str\u00e1nka"},"content":{"rendered":"","protected":false},"excerpt":{"rendered":"","protected":false},"author":1,"featured_media":0,"parent":0,"menu_order":0,"comment_status":"closed","ping_status":"closed","template":"","meta":[],"_links":{"self":[{"href":"https:\/\/www.c40.cz\/index.php?rest_route=\/wp\/v2\/pages\/6"}],"collection":[{"href":"https:\/\/www.c40.cz\/index.php?rest_route=\/wp\/v2\/pages"}],"about":[{"href":"https:\/\/www.c40.cz\/index.php?rest_route=\/wp\/v2\/types\/page"}],"author":[{"embeddable":true,"href":"https:\/\/www.c40.cz\/index.php?rest_route=\/wp\/v2\/users\/1"}],"replies":[{"embeddable":true,"href":"https:\/\/www.c40.cz\/index.php?rest_route=%2Fwp%2Fv2%2Fcomments&post=6"}],"version-history":[{"count":12,"href":"https:\/\/www.c40.cz\/index.php?rest_route=\/wp\/v2\/pages\/6\/revisions"}],"predecessor-version":[{"id":408,"href":"https:\/\/www.c40.cz\/index.php?rest_route=\/wp\/v2\/pages\/6\/revisions\/408"}],"wp:attachment":[{"href":"https:\/\/www.c40.cz\/index.php?rest_route=%2Fwp%2Fv2%2Fmedia&parent=6"}],"curies":[{"name":"wp","href":"https:\/\/api.w.org\/{rel}","templated":true}]}}